r when 1804 is divided by 842?
120
What is the remainder when 820558 is divided by 156?
154
What is the remainder when 180171 is divided by 123?
99
What is the remainder when 1308362 is divided by 21?
20
What is the remainder when 726193 is divided by 438?
427
Calculate the remainder when 51724 is divided by 281.
20
Calculate the remainder when 11407 is divided by 70.
67
What is the remainder when 54894 is divided by 49?
14
Calculate the remainder when 92276 is divided by 1014.
2
Calculate the remainder when 108 is divided by 24.
12
What is the remainder when 332698 is divided by 183?
4
Calculate the remainder when 15399 is divided by 666.
81
Calculate the remainder when 30191 is divided by 1589.
0
Calculate the remainder when 83808 is divided by 7.
4
Calculate the remainder when 124617 is divided by 35.
17
Calculate the remainder when 62620 is divided by 142.
140
Calculate the remainder when 130787 is divided by 1895.
32
Calculate the remainder when 12010 is divided by 84.
82
Calculate the remainder when 1220 is divided by 1210.
10
Calculate the remainder when 6847 is divided by 78.
61
What is the remainder when 18750 is divided by 4607?
322
What is the remainder when 315622 is divided by 625?
622
Calculate the remainder when 863579 is divided by 53.
50
Calculate the remainder when 2301 is divided by 695.
216
What is the remainder when 4130 is divided by 1209?
503
What is the remainder when 6221 is divided by 509?
113
Calculate the remainder when 1317815 is divided by 27.
26
What is the remainder when 3067 is divided by 1831?
1236
Calculate the remainder when 3043 is divided by 719.
167
Calculate the remainder when 98127 is divided by 10902.
9
What is the remainder when 2653 is divided by 2640?
13
Calculate the remainder when 118050 is divided by 9837.
6
Calculate the remainder when 11970 is divided by 598.
10
What is the remainder when 97702 is divided by 81?
16
Calculate the remainder when 21493 is divided by 15.
13
Calculate the remainder when 5473 is divided by 134.
113
What is the remainder when 69818 is divided by 23?
13
What is the remainder when 115886 is divided by 57903?
80
Calculate the remainder when 13801 is divided by 2758.
11
Calculate the remainder when 140089 is divided by 21.
19
What is the remainder when 233701 is divided by 68?
53
What is the remainder when 16844 is divided by 1053?
1049
What is the remainder when 13982 is divided by 159?
149
Calculate the remainder when 182959 is divided by 855.
844
Calculate the remainder when 10860 is divided by 383.
136
What is the remainder when 4885197 is divided by 48?
45
What is the remainder when 19548 is divided by 1219?
44
Calculate the remainder when 25014 is divided by 538.
266
What is the remainder when 123846 is divided by 2338?
2270
Calculate the remainder when 824650 is divided by 271.
268
What is the remainder when 635392 is divided by 7564?
16
Calculate the remainder when 785239 is divided by 1143.
1141
What is the remainder when 41143 is divided by 2165?
8
Calculate the remainder when 79518 is divided by 1.
0
What is the remainder when 18369 is divided by 2036?
45
What is the remainder when 4515 is divided by 194?
53
Calculate the remainder when 6622 is divided by 165.
22
Calculate the remainder when 1725 is divided by 871.
854
What is the remainder when 1425358 is divided by 10?
8
Calculate the remainder when 1176 is divided by 14.
0
What is the remainder when 61469 is divided by 3232?
61
What is the remainder when 513273 is divided by 2333?
13
What is the remainder when 32731 is divided by 10897?
40
What is the remainder when 7241 is divided by 1?
0
What is the remainder when 20958 is divided by 1103?
1
Calculate the remainder when 17539 is divided by 3506.
9
Calculate the remainder when 685 is divided by 627.
58
What is the remainder when 225721 is divided by 75237?
10
Calculate the remainder when 9978 is divided by 4989.
0
Calculate the remainder when 4941 is divided by 1229.
25
Calculate the remainder when 12376604 is divided by 22.
20
Calculate the remainder when 4082 is divided by 89.
77
What is the remainder when 272962 is divided by 55?
52
What is the remainder when 3348 is divided by 167?
8
Calculate the remainder when 71414 is divided by 632.
630
What is the remainder when 1150 is divided by 13?
6
What is the remainder when 52896 is divided by 8814?
12
What is the remainder when 295997 is divided by 2467?
2424
What is the remainder when 40214 is divided by 149?
133
What is the remainder when 3920 is divided by 983?
971
What is the remainder when 32607 is divided by 3621?
18
Calculate the remainder when 4304798 is divided by 25.
23
What is the remainder when 11926 is divided by 31?
22
Calculate the remainder when 4541 is divided by 193.
102
What is the remainder when 20688 is divided by 110?
8
Calculate the remainder when 741213 is divided by 761.
760
Calculate the remainder when 3392 is divided by 148.
136
Calculate the remainder when 316579 is divided by 2454.
13
Calculate the remainder when 250970 is divided by 25.
20
Calculate the remainder when 201219 is divided by 14.
11
Calculate the remainder when 1486 is divided by 207.
37
What is the remainder when 768 is divided by 245?
33
Calculate the remainder when 65517 is divided by 80.
77
Calculate the remainder when 2322 is divided by 572.
34
Calculate the remainder when 107780 is divided by 26942.
12
What is the remainder when 10298 is divided by 92?
86
What is the remainder when 44600 is divided by 14857?
29
What is the remainder when 425 is divided by 410?
15
Calculate the remainder when 1303 is divided by 633.
37
Calculate the remainder when 637 is divided by 629.
8
Calculate the remainder when 659 is divided by 42.
29
What is the remainder when 31651 is divided by 12?
7
What is the remainder when 26876 is divided by 309?
302
Calculate the remainder when 90275 is divided by 2734.
53
Calculate the remainder when 98915 is divided by 126.
5
Calculate the remainder when 1760 is divided by 213.
56
Calculate the remainder when 174829 is divided by 18.
13
Calculate the remainder when 79649 is divided by 168.
17
What is the remainder when 189714 is divided by 94849?
16
Calculate the remainder when 32483 is divided by 89.
87
Calculate the remainder when 4345 is divided by 542.
9
Calculate the remainder when 40082 is divided by 393.
389
What is the remainder when 6808 is divided by 400?
8
Calculate the remainder when 9169 is divided by 4556.
57
What is the remainder when 4235 is divided by 245?
70
What is the remainder when 2522 is divided by 1241?
40
What is the remainder when 29544 is divided by 62?
32
What is the remainder when 11095 is divided by 6?
1
What is the remainder when 42513 is divided by 1465?
28
What is the remainder when 2222 is divided by 215?
72
Calculate the remainder when 14121 is divided by 107.
104
Calculate the remainder when 463 is divided by 17.
4
Calculate the remainder when 129785 is divided by 57.
53
What is the remainder when 291646 is divided by 419?
22
Calculate the remainder when 3047 is divided by 766.
749
Calculate the remainder when 10357 is divided by 162.
151
Calculate the remainder when 11418 is divided by 1260.
78
Calculate the remainder when 46835 is divided by 955.
40
What is the remainder when 31089 is divided by 15139?
811
What is the remainder when 1778 is divided by 443?
6
What is the remainder when 176166 is divided by 17?
12
Calculate the remainder when 2821 is divided by 671.
137
What is the remainder when 657485 is divided by 16?
13
Calculate the remainder when 644921 is divided by 715.
706
What is the remainder when 1635 is divided by 141?
84
Calculate the remainder when 9684 is divided by 658.
472
Calculate the remainder when 658 is divided by 168.
154
Calculate the remainder when 3982 is divided by 3980.
2
Calculate the remainder when 15872 is divided by 294.
290
Calculate the remainder when 1293 is divided by 109.
94
Calculate the remainder when 200850 is divided by 66942.
24
Calculate the remainder when 22113 is divided by 1113.
966
Calculate the remainder when 785902 is divided by 67.
59
What is the remainder when 668 is divided by 130?
18
Calculate the remainder when 770197 is divided by 1588.
17
What is the remainder when 597789 is divided by 79?
75
Calc